{"id":42,"date":"2021-02-11T16:08:11","date_gmt":"2021-02-11T16:08:11","guid":{"rendered":"http:\/\/xn--comitedesftesdebennecourt-bjc.fr\/?page_id=42"},"modified":"2026-03-27T14:28:29","modified_gmt":"2026-03-27T14:28:29","slug":"accueil","status":"publish","type":"page","link":"https:\/\/comitedesfetesdebennecourt.fr\/","title":{"rendered":"ACCUEIL"},"content":{"rendered":"\n<h2 class=\"wp-block-heading has-text-align-center\">La ville de Bennecourt<\/h2>\n\n\n\n<div class=\"wp-block-media-text alignwide has-media-on-the-right is-stacked-on-mobile\"><div class=\"wp-block-media-text__content\">\n<p class=\"has-text-align-left has-large-font-size\">Bennecourt est un village des Yvelines, situ\u00e9 sur les&nbsp;bords de Seine. Le&nbsp;CDF de Bennecourt&nbsp;organise des animations \u00e0 l\u2019intention des plus grands comme des tous petits : Foire-\u00e0-tout, soir\u00e9es \u00e0 th\u00e8mes, arbres de No\u00ebl, feux d\u2019artifice, lotos, th\u00e9s dansant\u2026 rythment ainsi la vie du village. Le CDF est une association \u00ab&nbsp;loi 1901&nbsp;\u00bb : Son financement&nbsp;est assur\u00e9, principalement, par les recettes de la foire-\u00e0-tout, march\u00e9 de Noel, nous avons \u00e9galement une&nbsp; subvention de&nbsp;<a href=\"http:\/\/www.mairie-bennecourt.fr\/\">la mairie de Bennecourt<\/a> qui permet de financer  le feux d&#8217;artifice. <\/p>\n<\/div><figure class=\"wp-block-media-text__media\"><img loading=\"lazy\" decoding=\"async\" width=\"600\" height=\"376\" src=\"http:\/\/xn--comitedesftesdebennecourt-bjc.fr\/wp-content\/uploads\/2021\/02\/bennecourt01-1.jpg\" alt=\"\" class=\"wp-image-154 size-full\" srcset=\"https:\/\/comitedesfetesdebennecourt.fr\/wp-content\/uploads\/2021\/02\/bennecourt01-1.jpg 600w, https:\/\/comitedesfetesdebennecourt.fr\/wp-content\/uploads\/2021\/02\/bennecourt01-1-300x188.jpg 300w\" sizes=\"auto, (max-width: 600px) 100vw, 600px\" \/><\/figure><\/div>\n\n\n\n<p><mark style=\"background-color: rgba(0, 0, 0, 0);\" class=\"has-inline-color has-accent-color\"><b> <\/b><\/mark><b><sub><mark style=\"background-color: rgba(0, 0, 0, 0);color:#ff0044\" class=\"has-inline-color\">Informations  <\/mark><\/sub><\/b><em style=\"font-weight: bold;\"><sub><mark style=\"background-color: rgba(0, 0, 0, 0);color:#ff0044\" class=\"has-inline-color\">06 10 77 50 87<\/mark><\/sub><\/em><mark style=\"background-color: rgba(0, 0, 0, 0);\" class=\"has-inline-color has-accent-color\"><b> <\/b><\/mark><\/p>\n\n\n\n<div class=\"wp-block-buttons is-layout-flex wp-block-buttons-is-layout-flex\">\n<div class=\"wp-block-button\"><a class=\"wp-block-button__link wp-element-button\">2026<\/a><\/div>\n<\/div>\n\n\n\n<figure class=\"wp-block-image size-large\"><img loading=\"lazy\" decoding=\"async\" width=\"1024\" height=\"1024\" src=\"https:\/\/comitedesfetesdebennecourt.fr\/wp-content\/uploads\/2026\/03\/12.jpg\" alt=\"\" class=\"wp-image-438\" srcset=\"https:\/\/comitedesfetesdebennecourt.fr\/wp-content\/uploads\/2026\/03\/12.jpg 1024w, https:\/\/comitedesfetesdebennecourt.fr\/wp-content\/uploads\/2026\/03\/12-300x300.jpg 300w, https:\/\/comitedesfetesdebennecourt.fr\/wp-content\/uploads\/2026\/03\/12-150x150.jpg 150w, https:\/\/comitedesfetesdebennecourt.fr\/wp-content\/uploads\/2026\/03\/12-768x768.jpg 768w\" sizes=\"auto, (max-width: 1024px) 100vw, 1024px\" \/><\/figure>\n\n\n\n<p><strong>30 et 31 mai 2026<\/strong> : Foire \u00e0 tout <\/p>\n\n\n\n<p>Vous pouvez r\u00e9servez en ligne via le lien ci dessous <\/p>\n\n\n\n<p><a href=\"https:\/\/www.helloasso.com\/associations\/comite-des-fetes-de-bennecourt\/evenements\/foire-a-tout-2026\">Foire a tout 2026 &#8211; Comite des f\u00eates de Bennecourt<\/a><\/p>\n\n\n\n<p><\/p>\n\n\n\n<p><\/p>\n\n\n\n<p><\/p>\n\n\n\n<p><\/p>\n\n\n\n<p><strong>27 juin 2026<\/strong> : <strong><em>Bennecourt en f\u00eate<\/em> \u2013 ambiance des \u00eeles<\/strong><\/p>\n\n\n\n<p><strong>04 octobre 2026&nbsp;<\/strong>: Loto<\/p>\n\n\n\n<p><strong>10 octobre 2026&nbsp;: <\/strong>Soir\u00e9e Cabaret<strong> (R\u00e9servation ouverte)<\/strong><\/p>\n\n\n\n<div class=\"wp-block-buttons is-layout-flex wp-block-buttons-is-layout-flex\">\n<div class=\"wp-block-button is-style-fill\"><a class=\"wp-block-button__link wp-element-button\" href=\"https:\/\/www.helloasso.com\/associations\/comite-des-fetes-de-bennecourt\/evenements\/soiree-cabaret\">r\u00e9servation<\/a><\/div>\n\n\n\n<div class=\"wp-block-button\"><a class=\"wp-block-button__link wp-element-button\">paiement en 3 fois par ch\u00e8ques<\/a><\/div>\n<\/div>\n\n\n\n<figure class=\"wp-block-gallery has-nested-images columns-default is-cropped wp-block-gallery-1 is-layout-flex wp-block-gallery-is-layout-flex\">\n<figure class=\"wp-block-image size-large\"><img loading=\"lazy\" decoding=\"async\" width=\"819\" height=\"1024\" data-id=\"417\" src=\"https:\/\/comitedesfetesdebennecourt.fr\/wp-content\/uploads\/2025\/12\/cabaret-819x1024.jpg\" alt=\"\" class=\"wp-image-417\" srcset=\"https:\/\/comitedesfetesdebennecourt.fr\/wp-content\/uploads\/2025\/12\/cabaret-819x1024.jpg 819w, https:\/\/comitedesfetesdebennecourt.fr\/wp-content\/uploads\/2025\/12\/cabaret-240x300.jpg 240w, https:\/\/comitedesfetesdebennecourt.fr\/wp-content\/uploads\/2025\/12\/cabaret-768x960.jpg 768w, https:\/\/comitedesfetesdebennecourt.fr\/wp-content\/uploads\/2025\/12\/cabaret-1229x1536.jpg 1229w, https:\/\/comitedesfetesdebennecourt.fr\/wp-content\/uploads\/2025\/12\/cabaret-1200x1500.jpg 1200w, https:\/\/comitedesfetesdebennecourt.fr\/wp-content\/uploads\/2025\/12\/cabaret.jpg 1600w\" sizes=\"auto, (max-width: 819px) 100vw, 819px\" \/><\/figure>\n<\/figure>\n\n\n\n<p><strong>31 octobre 2026&nbsp;: <\/strong>Soir\u00e9e Halloween<\/p>\n\n\n\n<p><strong>05 d\u00e9cembre 2026&nbsp;:<\/strong> spectacle de No\u00eal<\/p>\n\n\n\n<p><strong>12 et 13 d\u00e9cembre 2026&nbsp;:<\/strong> March\u00e9 de No\u00eal<\/p>\n\n\n\n<div class=\"wp-block-buttons is-layout-flex wp-block-buttons-is-layout-flex\">\n<div class=\"wp-block-button\"><a class=\"wp-block-button__link wp-element-button\" href=\"https:\/\/www.helloasso.com\/associations\/comite-des-fetes-de-bennecourt\/formulaires\/1\">soutien au CDF avec un don<\/a><\/div>\n<\/div>\n\n\n\n<figure class=\"wp-block-gallery has-nested-images columns-default is-cropped wp-block-gallery-2 is-layout-flex wp-block-gallery-is-layout-flex\">\n<figure class=\"wp-block-image size-large\"><img loading=\"lazy\" decoding=\"async\" width=\"1024\" height=\"622\" data-id=\"433\" src=\"https:\/\/comitedesfetesdebennecourt.fr\/wp-content\/uploads\/2025\/12\/cdf-3-1024x622.png\" alt=\"\" class=\"wp-image-433\" srcset=\"https:\/\/comitedesfetesdebennecourt.fr\/wp-content\/uploads\/2025\/12\/cdf-3-1024x622.png 1024w, https:\/\/comitedesfetesdebennecourt.fr\/wp-content\/uploads\/2025\/12\/cdf-3-300x182.png 300w, https:\/\/comitedesfetesdebennecourt.fr\/wp-content\/uploads\/2025\/12\/cdf-3-768x466.png 768w, https:\/\/comitedesfetesdebennecourt.fr\/wp-content\/uploads\/2025\/12\/cdf-3-1536x932.png 1536w, https:\/\/comitedesfetesdebennecourt.fr\/wp-content\/uploads\/2025\/12\/cdf-3-2048x1243.png 2048w, https:\/\/comitedesfetesdebennecourt.fr\/wp-content\/uploads\/2025\/12\/cdf-3-1200x728.png 1200w\" sizes=\"auto, (max-width: 1024px) 100vw, 1024px\" \/><\/figure>\n<\/figure>\n\n\n\n<p><\/p>\n","protected":false},"excerpt":{"rendered":"<p>La ville de Bennecourt Bennecourt est un village des Yvelines, situ\u00e9 sur les&nbsp;bords de Seine. Le&nbsp;CDF de Bennecourt&nbsp;organise des animations \u00e0 l\u2019intention des plus grands comme des tous petits : [&hellip;]<\/p>\n","protected":false},"author":1,"featured_media":0,"parent":0,"menu_order":0,"comment_status":"closed","ping_status":"closed","template":"","meta":{"footnotes":""},"class_list":["post-42","page","type-page","status-publish","hentry"],"_links":{"self":[{"href":"https:\/\/comitedesfetesdebennecourt.fr\/index.php\/wp-json\/wp\/v2\/pages\/42","targetHints":{"allow":["GET"]}}],"collection":[{"href":"https:\/\/comitedesfetesdebennecourt.fr\/index.php\/wp-json\/wp\/v2\/pages"}],"about":[{"href":"https:\/\/comitedesfetesdebennecourt.fr\/index.php\/wp-json\/wp\/v2\/types\/page"}],"author":[{"embeddable":true,"href":"https:\/\/comitedesfetesdebennecourt.fr\/index.php\/wp-json\/wp\/v2\/users\/1"}],"replies":[{"embeddable":true,"href":"https:\/\/comitedesfetesdebennecourt.fr\/index.php\/wp-json\/wp\/v2\/comments?post=42"}],"version-history":[{"count":74,"href":"https:\/\/comitedesfetesdebennecourt.fr\/index.php\/wp-json\/wp\/v2\/pages\/42\/revisions"}],"predecessor-version":[{"id":439,"href":"https:\/\/comitedesfetesdebennecourt.fr\/index.php\/wp-json\/wp\/v2\/pages\/42\/revisions\/439"}],"wp:attachment":[{"href":"https:\/\/comitedesfetesdebennecourt.fr\/index.php\/wp-json\/wp\/v2\/media?parent=42"}],"curies":[{"name":"wp","href":"https:\/\/api.w.org\/{rel}","templated":true}]}}